{"id":143,"date":"2015-10-16T13:26:13","date_gmt":"2015-10-16T17:26:13","guid":{"rendered":"http:\/\/fgosselin.meca.polymtl.ca\/?page_id=143"},"modified":"2025-06-09T18:38:36","modified_gmt":"2025-06-09T22:38:36","slug":"about-f-gosselin","status":"publish","type":"page","link":"https:\/\/fgosselin.meca.polymtl.ca\/?page_id=143&lang=en","title":{"rendered":"About F. Gosselin"},"content":{"rendered":"<div id=\"attachment_180\" style=\"width: 594px\" class=\"wp-caption aligncenter\"><a href=\"https:\/\/i0.wp.com\/fgosselin.meca.polymtl.ca\/wp-content\/uploads\/2015\/07\/IMG_8669.jpg\"><img data-recalc-dims=\"1\" loading=\"lazy\" decoding=\"async\" aria-describedby=\"caption-attachment-180\" data-attachment-id=\"180\" data-permalink=\"https:\/\/fgosselin.meca.polymtl.ca\/?attachment_id=180\" data-orig-file=\"https:\/\/i0.wp.com\/fgosselin.meca.polymtl.ca\/wp-content\/uploads\/2015\/07\/IMG_8669.jpg?fit=2000%2C1333&amp;ssl=1\" data-orig-size=\"2000,1333\" data-comments-opened=\"1\" data-image-meta=\"{&quot;aperture&quot;:&quot;0&quot;,&quot;credit&quot;:&quot;Joe Alvoeiro&quot;,&quot;camera&quot;:&quot;&quot;,&quot;caption&quot;:&quot;&quot;,&quot;created_timestamp&quot;:&quot;1436363733&quot;,&quot;copyright&quot;:&quot;Fotografika&quot;,&quot;focal_length&quot;:&quot;0&quot;,&quot;iso&quot;:&quot;0&quot;,&quot;shutter_speed&quot;:&quot;0&quot;,&quot;title&quot;:&quot;&quot;,&quot;orientation&quot;:&quot;0&quot;}\" data-image-title=\"Fr\u00e9d\u00e9rick Gosselin\" data-image-description=\"\" data-image-caption=\"&lt;p&gt;Fr\u00e9d\u00e9rick Gosselin manipule le microscope \u00e0 longue distance focale&lt;\/p&gt;\n\" data-large-file=\"https:\/\/i0.wp.com\/fgosselin.meca.polymtl.ca\/wp-content\/uploads\/2015\/07\/IMG_8669.jpg?fit=584%2C389&amp;ssl=1\" class=\"size-large wp-image-180\" src=\"https:\/\/i0.wp.com\/fgosselin.meca.polymtl.ca\/wp-content\/uploads\/2015\/07\/IMG_8669-1024x682.jpg?resize=584%2C389\" alt=\"Fr\u00e9d\u00e9rick Gosselin manipule le microscope \u00e0 longue distance focale\" width=\"584\" height=\"389\" srcset=\"https:\/\/i0.wp.com\/fgosselin.meca.polymtl.ca\/wp-content\/uploads\/2015\/07\/IMG_8669.jpg?resize=1024%2C682&amp;ssl=1 1024w, https:\/\/i0.wp.com\/fgosselin.meca.polymtl.ca\/wp-content\/uploads\/2015\/07\/IMG_8669.jpg?resize=300%2C200&amp;ssl=1 300w, https:\/\/i0.wp.com\/fgosselin.meca.polymtl.ca\/wp-content\/uploads\/2015\/07\/IMG_8669.jpg?resize=450%2C300&amp;ssl=1 450w, https:\/\/i0.wp.com\/fgosselin.meca.polymtl.ca\/wp-content\/uploads\/2015\/07\/IMG_8669.jpg?w=2000&amp;ssl=1 2000w, https:\/\/i0.wp.com\/fgosselin.meca.polymtl.ca\/wp-content\/uploads\/2015\/07\/IMG_8669.jpg?w=1168&amp;ssl=1 1168w, https:\/\/i0.wp.com\/fgosselin.meca.polymtl.ca\/wp-content\/uploads\/2015\/07\/IMG_8669.jpg?w=1752&amp;ssl=1 1752w\" sizes=\"auto, (max-width: 584px) 100vw, 584px\" \/><\/a><p id=\"caption-attachment-180\" class=\"wp-caption-text\">Professor Frederick P. Gosselin. Credit Fotogragika\/Joe Alvoeiro<\/p><\/div>\n<p><strong>Fr\u00e9d\u00e9rick P. Gosselin<\/strong> is a Full Professor in the Department of Mechanical Engineering at Polytechnique Montr\u00e9al, where he has been a faculty member since 2012.<\/p>\n<p>He holds a B.Eng. (2004) and an M.Eng. (2006) in Mechanical Engineering from McGill University, where he conducted his master\u2019s research under the supervision of Michael P. Pa\u00efdoussis. He completed his Ph.D. (2009) at \u00c9cole Polytechnique in France, working under the supervision of Emmanuel de Langre.<\/p>\n<p>Prof. Gosselin is an expert in slender structure mechanics and fluid-structure interaction. His research spans both natural and engineered systems, focusing on the mechanics of structures such as tree branches, spider silk, cell membranes, aircraft components, and hydraulic turbine runners. Positioned at the interface of physics, biology, and mechanics, his work combines experimental methods with modeling and simulation to uncover the governing principles of complex structural behavior.<\/p>\n<p>He currently holds an NSERC Discovery Grant titled &#8220;Morphing Matter Under Fluid Flow: Programming Fluid-Structure Interaction via Bioinspiration.&#8221; His research program balances fundamental inquiry with industrial relevance. He collaborates with companies including Hydro-Qu\u00e9bec\u2019s research institute (IREQ) and Maya HTT to develop digital twin technologies that fuse experimental data with computational models for improved design, analysis, and prediction of mechanical systems.<\/p>\n<p>Prof. Gosselin has served as an Associate Editor for the Journal of Fluids and Structures since 2022. He was a visiting professor at the University of British Columbia (2018\u20132019) and at the University of Calgary (2025), expanding his academic network and collaborative research efforts across Canada.<\/p>\n<p>The students in Prof. Gosselin\u2019s research group work with a wide array of experimental tools, including a closed-loop wind tunnel, 6-axis load cells, universal material testing machines, a laser cutting machine, and facilities for microfabrication and 3D printing. On the modeling side, the group develops custom solvers for beam and shell dynamics, makes use of commercial finite element and CFD software, and applies reduced-order modeling techniques such as Proper Orthogonal Decomposition (POD), Kalman filtering, and physics-informed neural networks (PINNs).<\/p>\n<h3>Mailing address<\/h3>\n<blockquote><p>Fr\u00e9d\u00e9rick Gosselin, Office A-115.2<br \/>\nPolytechnique Montr\u00e9al<br \/>\nP.O. Box 6079, Station Centre-Ville<br \/>\nMontr\u00e9al, Qc, Canada<br \/>\nH3C 3A7<\/p><\/blockquote>\n<h3>Physical address<\/h3>\n<blockquote><p>Fr\u00e9d\u00e9rick Gosselin, Office A-115.2<br \/>\nPolytechnique Montr\u00e9al<br \/>\n2900 boul \u00c9douard Monpetit<br \/>\n2500 Chemin de Polytechnique<br \/>\nMontr\u00e9al, Qc, Canada<br \/>\nH3T 1J4<\/p><\/blockquote>\n<h3>Email address<\/h3>\n<blockquote><p>frederick (POINT) gosselin (AROBAS) polymtl (POINT) ca<\/p><\/blockquote>\n<h3>Phone<\/h3>\n<blockquote><p>(514) 340-4711 extension 3747<\/p><\/blockquote>\n","protected":false},"excerpt":{"rendered":"<p>Fr\u00e9d\u00e9rick P. Gosselin is a Full Professor in the Department of Mechanical Engineering at Polytechnique Montr\u00e9al, where he has been a faculty member since 2012. He holds a B.Eng. (2004) and an M.Eng. (2006) in Mechanical Engineering from McGill University, &hellip; <a href=\"https:\/\/fgosselin.meca.polymtl.ca\/?page_id=143&#038;lang=en\">Continue reading <span class=\"meta-nav\">&rarr;<\/span><\/a><\/p>\n","protected":false},"author":1,"featured_media":0,"parent":0,"menu_order":0,"comment_status":"closed","ping_status":"closed","template":"","meta":{"footnotes":""},"class_list":["post-143","page","type-page","status-publish","hentry"],"jetpack_sharing_enabled":true,"jetpack_shortlink":"https:\/\/wp.me\/P66sKU-2j","jetpack-related-posts":[],"_links":{"self":[{"href":"https:\/\/fgosselin.meca.polymtl.ca\/index.php?rest_route=\/wp\/v2\/pages\/143","targetHints":{"allow":["GET"]}}],"collection":[{"href":"https:\/\/fgosselin.meca.polymtl.ca\/index.php?rest_route=\/wp\/v2\/pages"}],"about":[{"href":"https:\/\/fgosselin.meca.polymtl.ca\/index.php?rest_route=\/wp\/v2\/types\/page"}],"author":[{"embeddable":true,"href":"https:\/\/fgosselin.meca.polymtl.ca\/index.php?rest_route=\/wp\/v2\/users\/1"}],"replies":[{"embeddable":true,"href":"https:\/\/fgosselin.meca.polymtl.ca\/index.php?rest_route=%2Fwp%2Fv2%2Fcomments&post=143"}],"version-history":[{"count":13,"href":"https:\/\/fgosselin.meca.polymtl.ca\/index.php?rest_route=\/wp\/v2\/pages\/143\/revisions"}],"predecessor-version":[{"id":905,"href":"https:\/\/fgosselin.meca.polymtl.ca\/index.php?rest_route=\/wp\/v2\/pages\/143\/revisions\/905"}],"wp:attachment":[{"href":"https:\/\/fgosselin.meca.polymtl.ca\/index.php?rest_route=%2Fwp%2Fv2%2Fmedia&parent=143"}],"curies":[{"name":"wp","href":"https:\/\/api.w.org\/{rel}","templated":true}]}}