{"id":239,"date":"2016-06-28T12:59:22","date_gmt":"2016-06-28T16:59:22","guid":{"rendered":"http:\/\/fgosselin.meca.polymtl.ca\/?page_id=239"},"modified":"2024-06-16T15:53:30","modified_gmt":"2024-06-16T19:53:30","slug":"opportunites-de-recherche","status":"publish","type":"page","link":"https:\/\/fgosselin.meca.polymtl.ca\/?page_id=239&lang=fr","title":{"rendered":"Opportunit\u00e9s de recherche"},"content":{"rendered":"<p>Nous sommes toujours \u00e0 la recherche de gens motiv\u00e9s et brillants pour joindre le laboratoire! Ci-bas, vous trouverez de l&#8217;information concernant comment nous joindre, des opportunit\u00e9s de recherche financ\u00e9e, et des sources de financement.<\/p>\n<p>Pour postuler, envoyez un email \u00e0\u00a0<span style=\"text-decoration: underline;\">frederick (point) gosselin (at) polymtl (point) ca<\/span>\u00a0et veillez \u00e0 inclure\u00a0:<\/p>\n<ul>\n<li>votre CV;<\/li>\n<li>une lettre de pr\u00e9sentation mentionnant pourquoi vous souhaitez r\u00e9aliser des \u00e9tudes sup\u00e9rieures, pourquoi \u00e0 Polytechnique, pourquoi sous ma supervision, o\u00f9 vous vous projetez 5 ans dans l&#8217;avenir, quelles sont vos mati\u00e8res pr\u00e9f\u00e9r\u00e9es, ce que vous recherchez dans un MSc\/PhD\/postdoc, si vous pr\u00e9f\u00e9rez le travail exp\u00e9rimental\/analytique\/num\u00e9rique&#8230; ;<\/li>\n<li>votre relev\u00e9 de notes le plus r\u00e9cent avec des explications sur votre classement parmi vos pairs (toutes les universit\u00e9s dans le monde on des syst\u00e8mes de notation diff\u00e9rents, expliquez le v\u00f4tre bri\u00e8vement);<\/li>\n<li>les fichiers PDF de vos publications si vous en avez, ou sinon d&#8217;un rapport de projet que vous avez \u00e9crit (en fran\u00e7ais ou en anglais).<\/li>\n<\/ul>\n<h1>Opportunit\u00e9s financ\u00e9es<\/h1>\n<p>Projet(s) sp\u00e9cifique(s) d\u00e9taill\u00e9(s) ici : <a href=\"https:\/\/www.polymtl.ca\/expertises\/recherche\/projets?f%5B0%5D=sm_field_expert%3Anode%3A542\">https:\/\/www.polymtl.ca\/expertises\/recherche\/projets?f%5B0%5D=sm_field_expert%3Anode%3A542<\/a><\/p>\n<p>Diff\u00e9rents projets sur :<\/p>\n<ul>\n<li>les interactions fluide structure;<\/li>\n<li>l&#8217;intelligence artificielle combin\u00e9e avec la mod\u00e9lisation physique;<\/li>\n<li>la dynamique des turbines hydro-\u00e9lectriques.<\/li>\n<\/ul>\n<p><!-- Aucun financement complet disponible de la part du laboratoire en ce moment. --><\/p>\n<h1>Sources de financement<\/h1>\n<h3>Bourses du CRSNG et du FRQNT<\/h3>\n<p>Tous les \u00e9tudiants canadiens int\u00e9ress\u00e9s \u00e0 faire des \u00e9tudes aux cycles sup\u00e9rieurs devraient faire application pour une bourse du <a href=\"http:\/\/www.nserc-crsng.gc.ca\/Students-Etudiants\/PG-CS\/BellandPostgrad-BelletSuperieures_eng.asp\">CRSNG <\/a>et du\u00a0<a href=\"http:\/\/www.frqnt.gouv.qc.ca\/en\/bourses-et-subventions\/consulter-les-programmes-remplir-une-demande\/bourse\/programs-of-scholarships-of-2supndsup-and-3suprdsup-cycles-o7unxnhm1432651694011\">FRQNT<\/a>. Les dates limites de ces deux programmes sont t\u00f4t \u00e0 l&#8217;automne (septembre &#8211; octobre). Les \u00e9tudiants int\u00e9ress\u00e9s devraient contacter un superviseur potentiel aussi t\u00f4t que possible pour pr\u00e9parer une application gagnante. Id\u00e9alement, contactez moi pendant l&#8217;\u00e9t\u00e9, je vous aiderai.<\/p>\n<h3>Bourses de la francophonie<\/h3>\n<p>Pour les ressortissants francophones de pays de la francophonie (plusieurs pays Africain, Liban, Cambodge..,).<br \/>\n<a href=\"https:\/\/www.boursesfrancophonie.ca\/institutions.php#7\">https:\/\/www.boursesfrancophonie.ca\/institutions.php#7<\/a><\/p>\n<h3>CSC and Quebec-China graduate scholarships<\/h3>\n<p>The Chinese Scholarship Council as well as the FRQNT offer scholarships to Chinese students who want to complete a thesis at Polytechnique. For the CSC, the deadline is early in January. If you want to apply for a CSC, contact me in November to have time to put together a winning application. CSC also handles the application for the Quebec-China scholarships.\u00a0<a href=\"http:\/\/www.polymtl.ca\/futur\/es\/en\/financement\/chine.php\">More information about CSC\u00a0is available here.<\/a>\u00a0For more information concerning the <a href=\"http:\/\/www.frqnt.gouv.qc.ca\/en\/bourses-et-subventions\/consulter-les-programmes-remplir-une-demande\/bourse\/merit-scholarship-program-for-foreign-students-f9tcxbzm1430400825724\">FRQNT Quebec-China scholarship, click here<\/a>.<\/p>\n<h3>MITACS Globalink undegrad summer research internships<\/h3>\n<p>For undergraduate students wanting to do a summer research internship, the<a href=\"https:\/\/www.mitacs.ca\/en\/programs\/globalink\/globalink-research-internship\"> MITACS Globalink program<\/a> offers attractive bursaries. Our lab proposes many research projects every year. In the past we welcomed students from ITESM in Mexico,\u00a0and\u00a0MNNIT in India.<\/p>\n<h3>Graduate and Undergraduate research internship funded by Polytechnique<\/h3>\n<p>Polytechnique has agreements with many universities throughout\u00a0the world. Every semester, students enrolled at partner universities come to Polytechnique to perform a research internship with funding from Polytechnique. Through this program, we have welcomed students from IIT in India,\u00a0NTU\u00a0in Singapore, RMIT in Australia. Interested students should check with the international relations office or the student exchange office of their university. Polytechnique has agreements with many institutions in South Korea, China, Taiwan, UK, India, Australia and others, as well as UBC and University of Alberta in Canada.<\/p>\n<h3>More information<\/h3>\n<p><a href=\"http:\/\/www.polymtl.ca\/aide-financiere\/informations-generales\/bourses-de-recherche\/calendrier-des-dates-importantes\">Scholarships for Canadians<\/a><\/p>\n<p><a href=\"https:\/\/scholarships-bourses.gc.ca\/scholarships-bourses\/non_can\/opportunities-opportunites.aspx?lang=fr\">Scholarships for non Canadians<\/a><\/p>\n","protected":false},"excerpt":{"rendered":"<p>Nous sommes toujours \u00e0 la recherche de gens motiv\u00e9s et brillants pour joindre le laboratoire! Ci-bas, vous trouverez de l&#8217;information concernant comment nous joindre, des opportunit\u00e9s de recherche financ\u00e9e, et des sources de financement. Pour postuler, envoyez un email \u00e0\u00a0frederick &hellip; <a href=\"https:\/\/fgosselin.meca.polymtl.ca\/?page_id=239&#038;lang=fr\">Continue reading <span class=\"meta-nav\">&rarr;<\/span><\/a><\/p>\n","protected":false},"author":1,"featured_media":0,"parent":0,"menu_order":0,"comment_status":"closed","ping_status":"closed","template":"sidebar-page.php","meta":{"footnotes":""},"class_list":["post-239","page","type-page","status-publish","hentry"],"jetpack_sharing_enabled":true,"jetpack_shortlink":"https:\/\/wp.me\/P66sKU-3R","jetpack-related-posts":[],"_links":{"self":[{"href":"https:\/\/fgosselin.meca.polymtl.ca\/index.php?rest_route=\/wp\/v2\/pages\/239","targetHints":{"allow":["GET"]}}],"collection":[{"href":"https:\/\/fgosselin.meca.polymtl.ca\/index.php?rest_route=\/wp\/v2\/pages"}],"about":[{"href":"https:\/\/fgosselin.meca.polymtl.ca\/index.php?rest_route=\/wp\/v2\/types\/page"}],"author":[{"embeddable":true,"href":"https:\/\/fgosselin.meca.polymtl.ca\/index.php?rest_route=\/wp\/v2\/users\/1"}],"replies":[{"embeddable":true,"href":"https:\/\/fgosselin.meca.polymtl.ca\/index.php?rest_route=%2Fwp%2Fv2%2Fcomments&post=239"}],"version-history":[{"count":9,"href":"https:\/\/fgosselin.meca.polymtl.ca\/index.php?rest_route=\/wp\/v2\/pages\/239\/revisions"}],"predecessor-version":[{"id":841,"href":"https:\/\/fgosselin.meca.polymtl.ca\/index.php?rest_route=\/wp\/v2\/pages\/239\/revisions\/841"}],"wp:attachment":[{"href":"https:\/\/fgosselin.meca.polymtl.ca\/index.php?rest_route=%2Fwp%2Fv2%2Fmedia&parent=239"}],"curies":[{"name":"wp","href":"https:\/\/api.w.org\/{rel}","templated":true}]}}